2) in base 3?
21
What is -134 (base 8) in base 7?
-161
What is -11 (base 16) in base 11?
-16
What is -111 (base 3) in base 11?
-12
Convert -5 (base 7) to base 2.
-101
What is -1 (base 5) in base 13?
-1
What is -467 (base 9) in base 7?
-1060
-12 (base 3) to base 9
-5
-156 (base 13) to base 9
-286
0 (base 5) to base 13
0
17 (base 16) to base 6
35
What is 1110001 (base 2) in base 14?
81
0 (base 7) to base 3
0
Convert -2 (base 10) to base 6.
-2
What is 291 (base 10) in base 8?
443
35 (base 7) to base 14
1c
Convert -2 (base 8) to base 4.
-2
What is -5 (base 6) in base 2?
-101
Convert -52 (base 10) to base 2.
-110100
1 (base 9) to base 11
1
-2222 (base 3) to base 6
-212
-74 (base 11) to base 6
-213
What is -4 (base 5) in base 14?
-4
Convert -aa (base 11) to base 2.
-1111000
What is 1 (base 2) in base 6?
1
What is -194 (base 12) in base 8?
-400
What is -3 (base 4) in base 6?
-3
Convert -11111100 (base 2) to base 5.
-2002
-331 (base 5) to base 9
-111
Convert 2 (base 15) to base 16.
2
Convert 10 (base 2) to base 9.
2
Convert -245 (base 10) to base 15.
-115
What is 0 (base 4) in base 13?
0
What is 101 (base 2) in base 6?
5
What is 10 (base 13) in base 10?
13
What is 11 (base 13) in base 9?
15
Convert -303 (base 5) to base 16.
-4e
What is -11 (base 2) in base 8?
-3
34 (base 7) to base 15
1a
Convert d (base 14) to base 7.
16
Convert -531 (base 8) to base 2.
-101011001
-223 (base 12) to base 13
-1b3
210 (base 3) to base 6
33
Convert 6 (base 16) to base 2.
110
Convert 2 (base 3) to base 7.
2
Convert -25 (base 7) to base 9.
-21
Convert -2 (base 13) to base 16.
-2
0 (base 7) to base 5
0
Convert -e (base 16) to base 9.
-15
43 (base 6) to base 9
30
100110 (base 2) to base 6
102
What is 1101 (base 3) in base 11?
34
-7c (base 16) to base 10
-124
What is -3c (base 15) in base 7?
-111
Convert 0 (base 3) to base 2.
0
What is 2 (base 13) in base 6?
2
What is 3 (base 10) in base 13?
3
What is 100100101 (base 2) in base 15?
148
What is -3 (base 12) in base 2?
-11
What is 3 (base 11) in base 16?
3
44 (base 6) to base 16
1c
What is -e (base 16) in base 15?
-e
What is 3c (base 14) in base 7?
105
2 (base 12) to base 11
2
5 (base 11) to base 7
5
What is 0 (base 13) in base 9?
0
-3 (base 16) to base 10
-3
Convert -2 (base 16) to base 2.
-10
What is 218 (base 10) in base 2?
11011010
-5 (base 12) to base 2
-101
Convert -116 (base 7) to base 6.
-142
Convert 70 (base 9) to base 4.
333
Convert -3 (base 13) to base 16.
-3
What is -100 (base 3) in base 4?
-21
What is 9b (base 12) in base 15?
7e
What is -9a (base 16) in base 7?
-310
Convert -35 (base 6) to base 3.
-212
Convert -c6 (base 16) to base 15.
-d3
Convert 40 (base 5) to base 4.
110
Convert 0 (base 11) to base 12.
0
Convert 0 (base 14) to base 13.
0
Convert 4 (base 15) to base 11.
4
What is 2 (base 12) in base 2?
10
Convert -102 (base 6) to base 3.
-1102
-7 (base 15) to base 14
-7
Convert 0 (base 7) to base 3.
0
-2 (base 15) to base 6
-2
-232 (base 7) to base 10
-121
-4 (base 9) to base 7
-4
What is 0 (base 12) in base 5?
0
Convert 32 (base 10) to base 8.
40
113 (base 7) to base 8
73
222 (base 7) to base 2
1110010
What is 2 (base 3) in base 14?
2
What is 1 (base 7) in base 15?
1
What is 194 (base 13) in base 10?
290
-453 (base 6) to base 10
-177
Convert -1101 (base 2) to base 16.
-d
What is 11 (base 6) in base 4?
13
Convert -2b (base 14) to base 13.
-30
1 (base 9) to base 14
1
116 (base 15) to base 16
f6
126 (base 9) to base 6
253
What is -43 (base 16) in base 5?
-232
Convert 60 (base 11) to base 3.
2110
-2 (base 4) to base 11
-2
-21 (base 12) to base 13
-1c
Convert -8 (base 11) to base 3.
-22
What is -18 (base 16) in base 3?
-220
Convert -2 (base 3) to base 8.
-2
What is 2 (base 7) in base 16?
2
0 (base 9) to base 13
0
4 (base 8) to base 12
4
-a (base 16) to base 15
-a
Convert -20 (base 5) to base 16.
-a
What is 1002 (base 3) in base 11?
27
-33 (base 11) to base 10
-36
100 (base 2) to base 13
4
What is -277 (base 11) in base 9?
-402
Convert 56 (base 7) to base 13.
32
Convert 0 (base 14) to base 13.
0
What is 86 (base 14) in base 15?
7d
-220 (base 3) to base 14
-1a
1 (base 5) to base 3
1
What is 10011001 (base 2) in base 9?
180
Convert -14 (base 7) to base 11.
-10
Convert -60 (base 16) to base 13.
-75
What is 122 (base 6) in base 7?
101
What is -11011011 (base 2) in base 8?
-333
10 (base 5) to base 4
11
-55 (base 10) to base 7
-106
Convert -6 (base 8) to base 15.
-6
Convert -11 (base 4) to base 12.
-5
6 (base 16) to base 7
6
Convert 205 (base 7) to base 6.
251
Convert 24 (base 8) to base 14.
16
What is 324 (base 6) in base 16?
7c
Convert -34 (base 7) to base 6.
-41
Convert 3e (base 15) to base 3.
2012
Convert 101010110 (base 2) to base 11.
291
-2 (base 6) to base 9
-2
Convert d5 (base 14) to base 8.
273
Convert 21 (base 6) to base 14.
d
36 (base 11) to base 3
1110
Convert 1a (base 13) to base 6.
35
What is -27 (base 9) in base 2?
-11001
Convert -1 (base 16) to base 6.
-1
Convert 40 (base 8) to base 6.
52
Convert -73 (base 11) to base 16.
-50
What is 89 (base 13) in base 10?
113
Convert 17 (base 9) to base 16.
10
Convert 41 (base 7) to base 4.
131
What is -200 (base 3) in base 12?
-16
What is -3 (base 14) in base 11?
-3
Convert 6 (base 9) to base 6.
10
What is -10 (base 8) in base 16?
-8
What is 151 (base 12) in base 5?
1310
Convert d (base 16) to base 8.
15
What is 1 (base 2) in base 3?
1
52 (base 10) to base 8
64
Convert -103 (base 4) to base 15.
-14
What is -151 (base 8) in base 13?
-81
Convert 11 (base 12) to base 4.
31
Convert 30 (base 5) to base 6.
23
-115 (base 11) to base 15
-92
-24a (base 11) to base 5
-2141
Convert -3 (base 10) to base 16.
-3
What is 22 (base 5) in base 10?
12
-122 (base 3) to base 13
-14
Convert -2 (base 9) to base 3.
-2
What is -89 (base 15) in base 6?
-333
What is 1113 (base 5) in base 15?
a8
Convert 224 (base 6) to base 15.
5d
What is 12 (base 4) in base 16?
6
-1001 (base 2) to base 10
-9
Convert 62 (base 7) to base 16.
2c
Convert 101 (base 2) to base 12.
5
Convert 21 (base 8) to base 16.
11
What is 2 (base 12) in base 6?
2
What is -1210 (base 3) in base 2?
-110000
-1 (base 3) to base 13
-1
14 (base 8) to base 12
10
What is -16 (base 13) in base 5?
-34
-15 (base 10) to base 4
-33
Convert b8 (base 12) to base 15.
95
Convert -24 (base 13) to base 14.
-22
Convert 26 (base 8) to base 9.
24
What is -b (base 16) in base 8?
-13
Convert 10 (base 11) to base 14.
b
73 (base 10) to base 3
2201
Convert -58 (base 15) to base 10.
-83
-301 (base 6) to base 13
-85
What is -c (base 13) in base 6?
-20
Convert -554 (base 6) to base 14.
-114
Convert 1b (base 13) to base 12.
20
22 (base 4) to base 16
a
0 (base 9) to base 12
0
Convert -2 (base 7) to base 14.
-2
What is -4 (base 10) in base 15?
-4
What is 2 (base 13) in base 12?
2
11 (base 2) to base 13
3
-10 (base 14) to base 2
-1110
Convert -a2 (base 12) to base 7.
-233
-60 (base 8) to base 3
-1210
What is -1 (base 12) in base 11?
-1
0 (base 2) to base 13
0
What is -132 (base 5) in base 13?
-33
Convert 6 (base 10) to base 3.
20
Convert -118 (base 11) to base 9.
-165
What is -4 (base 14) in base 16?
-4
What is 69 (base 10) in base 14?
4d
-1000110 (base 2) to base 5
-240
-1 (base 2) to base 9
-1
Convert -123 (base 9) to base 2.
-1100110
What is -7 (base 9) in base 5?
-12
What is -1101 (base 2) in base 4?
-31
3 (base 5) to base 15
3
Convert -2032 (base 4) to base 6.
-354
-113 (base 12) to base 3
-12220
-6 (base 14) to base 3
-20
d (base 16) to base 10
13
2 (base 8) to base 13
2
-133 (base 7) to base 15
-4d
Convert 3 (base 9) to base 10.
3
Convert 10101010 (base 2) to base 6.
442
-100011111 (base 2) to base 11
-241
What is -2a (base 12) in base 10?
-34
What is -e2 (base 16) in base 14?
-122
10 (base 2) to base 12
2
Convert -12 (base 13) to base 7.
-21
What is 1 (base 14) in base 3?
1
-1001011 (base 2) to base 9
-83
Convert 12 (base 13) to base 4.
33
-10 (base 5) to base 9
-5
What is 1011 (base 5) in base 8?
203
-1130 (base 4) to base 15
-62
-6 (base 7) to base 13
-6
Convert 3 (base 9) to base 8.
3
-6 (base 14) to base 2
-110
30 (base 7) to base 15
16
111 (base 7) to base 6
133
What is 1111001 (base 2) in base 5?
441
3a (base 12) to base 4
232
33 (base 8) to base 3
1000
What is 34 (base 11) in base 8?
45
Convert 100 (base 2) to base 10.
4
What is 1000 (base 5) in ba